{"id":71,"date":"2023-05-04T14:31:34","date_gmt":"2023-05-04T12:31:34","guid":{"rendered":"http:\/\/www.chaletaupetitbonheur.com\/?page_id=71"},"modified":"2023-10-02T14:10:25","modified_gmt":"2023-10-02T12:10:25","slug":"a-decouvrir","status":"publish","type":"page","link":"https:\/\/www.chaletaupetitbonheur.com\/index.php\/a-decouvrir\/","title":{"rendered":"A d\u00e9couvrir"},"content":{"rendered":"\n<h2 class=\"wp-block-heading\">A voir\/visiter\/faire aux alentours<\/h2>\n\n\n\n<div class=\"wp-block-media-text is-stacked-on-mobile\"><figure class=\"wp-block-media-text__media\"><img loading=\"lazy\" decoding=\"async\" width=\"1024\" height=\"645\" src=\"http:\/\/www.chaletaupetitbonheur.com\/wp-content\/uploads\/2023\/09\/LacGerardmer-1024x645.jpg\" alt=\"\" class=\"wp-image-173 size-full\" srcset=\"https:\/\/www.chaletaupetitbonheur.com\/wp-content\/uploads\/2023\/09\/LacGerardmer-1024x645.jpg 1024w, https:\/\/www.chaletaupetitbonheur.com\/wp-content\/uploads\/2023\/09\/LacGerardmer-300x189.jpg 300w, https:\/\/www.chaletaupetitbonheur.com\/wp-content\/uploads\/2023\/09\/LacGerardmer-768x484.jpg 768w, https:\/\/www.chaletaupetitbonheur.com\/wp-content\/uploads\/2023\/09\/LacGerardmer-600x378.jpg 600w, https:\/\/www.chaletaupetitbonheur.com\/wp-content\/uploads\/2023\/09\/LacGerardmer.jpg 1200w\" sizes=\"auto, (max-width: 1024px) 100vw, 1024px\" \/><\/figure><div class=\"wp-block-media-text__content\">\n<p class=\"has-text-align-center\"><strong>Le Lac de G\u00e9rardmer situ\u00e9 \u00e0 660m d&rsquo;altitude est un lac d&rsquo;origine glaciaire. Il est \u00e9galement le plus grand lac naturel des Vosges avec ses 155ha de surface.<\/strong><\/p>\n\n\n\n<p class=\"has-text-align-center\">Les 6 kms de sentier balis\u00e9s permettent une balade nature au bord du lac que ce soit \u00e0 pied, en trottinette, \u00e0 v\u00e9lo ou encore \u00e0 v\u00e9lo \u00e0 assistance \u00e9lectrique. Les amateurs d&rsquo;activit\u00e9s nautiques y trouveront \u00e9galement leur compte avec une palette vari\u00e9e d&rsquo;activit\u00e9s propos\u00e9es.<\/p>\n<\/div><\/div>\n\n\n\n<hr class=\"wp-block-separator has-alpha-channel-opacity\"\/>\n\n\n\n<div class=\"wp-block-media-text has-media-on-the-right is-stacked-on-mobile\"><div class=\"wp-block-media-text__content\">\n<p class=\"has-text-align-center\"><strong>Le Lac de Longemer \u00ab\u00a0miroir aux 1000 reflets\u00a0\u00bb, est un lac naturel d&rsquo;origine glaciaire alangui au pied du massif de la montagne vosgienne (76ha de surface) qui offre une luminosit\u00e9 changeante.<\/strong> <\/p>\n\n\n\n<p class=\"has-text-align-center\">Paradis des p\u00eacheurs, on peut \u00e9galement y profiter de la promenade p\u00e9destre, de la baignade (non surveill\u00e9e), de la location de bateaux \u00e0 p\u00e9dales. Un sentier p\u00e9destre balis\u00e9 permet de parcourir le tour du lac en 1h environ.<\/p>\n<\/div><figure class=\"wp-block-media-text__media\"><img loading=\"lazy\" decoding=\"async\" width=\"1024\" height=\"682\" src=\"http:\/\/www.chaletaupetitbonheur.com\/wp-content\/uploads\/2023\/09\/LacDeLongemer-1024x682.jpg\" alt=\"\" class=\"wp-image-176 size-full\" srcset=\"https:\/\/www.chaletaupetitbonheur.com\/wp-content\/uploads\/2023\/09\/LacDeLongemer-1024x682.jpg 1024w, https:\/\/www.chaletaupetitbonheur.com\/wp-content\/uploads\/2023\/09\/LacDeLongemer-300x200.jpg 300w, https:\/\/www.chaletaupetitbonheur.com\/wp-content\/uploads\/2023\/09\/LacDeLongemer-768x512.jpg 768w, https:\/\/www.chaletaupetitbonheur.com\/wp-content\/uploads\/2023\/09\/LacDeLongemer-1536x1024.jpg 1536w, https:\/\/www.chaletaupetitbonheur.com\/wp-content\/uploads\/2023\/09\/LacDeLongemer-600x400.jpg 600w, https:\/\/www.chaletaupetitbonheur.com\/wp-content\/uploads\/2023\/09\/LacDeLongemer-1200x800.jpg 1200w, https:\/\/www.chaletaupetitbonheur.com\/wp-content\/uploads\/2023\/09\/LacDeLongemer.jpg 2000w\" sizes=\"auto, (max-width: 1024px) 100vw, 1024px\" \/><\/figure><\/div>\n\n\n\n<hr class=\"wp-block-separator has-alpha-channel-opacity\"\/>\n\n\n\n<div class=\"wp-block-media-text is-stacked-on-mobile\"><figure class=\"wp-block-media-text__media\"><img loading=\"lazy\" decoding=\"async\" width=\"1024\" height=\"634\" src=\"http:\/\/www.chaletaupetitbonheur.com\/wp-content\/uploads\/2023\/09\/RocheDiable-1024x634.jpg\" alt=\"\" class=\"wp-image-183 size-full\" srcset=\"https:\/\/www.chaletaupetitbonheur.com\/wp-content\/uploads\/2023\/09\/RocheDiable-1024x634.jpg 1024w, https:\/\/www.chaletaupetitbonheur.com\/wp-content\/uploads\/2023\/09\/RocheDiable-300x186.jpg 300w, https:\/\/www.chaletaupetitbonheur.com\/wp-content\/uploads\/2023\/09\/RocheDiable-768x476.jpg 768w, https:\/\/www.chaletaupetitbonheur.com\/wp-content\/uploads\/2023\/09\/RocheDiable-600x372.jpg 600w, https:\/\/www.chaletaupetitbonheur.com\/wp-content\/uploads\/2023\/09\/RocheDiable-1200x743.jpg 1200w, https:\/\/www.chaletaupetitbonheur.com\/wp-content\/uploads\/2023\/09\/RocheDiable.jpg 1292w\" sizes=\"auto, (max-width: 1024px) 100vw, 1024px\" \/><\/figure><div class=\"wp-block-media-text__content\">\n<p class=\"has-text-align-center\"><strong>La Roche du Diable <\/strong>est situ\u00e9e sur la route qui relie G\u00e9rardmer \u00e0 Colmar, sur le col de la Schlucht. Elle est l\u2019objet de nombreuses l\u00e9gendes et comptines locales.<\/p>\n<\/div><\/div>\n\n\n\n<hr class=\"wp-block-separator has-alpha-channel-opacity is-style-default\"\/>\n\n\n\n<div class=\"wp-block-media-text has-media-on-the-right is-stacked-on-mobile\"><div class=\"wp-block-media-text__content\">\n<p class=\"has-text-align-center\">Le&nbsp;<strong>Grand Ballon<\/strong>&nbsp;est le point culminant du massif des Vosges. Il s&rsquo;\u00e9l\u00e8ve \u00e0 1&nbsp;424&nbsp;m\u00e8tres.<\/p>\n<\/div><figure class=\"wp-block-media-text__media\"><img loading=\"lazy\" decoding=\"async\" width=\"1024\" height=\"768\" src=\"http:\/\/www.chaletaupetitbonheur.com\/wp-content\/uploads\/2023\/09\/GrandBallon-1024x768.jpg\" alt=\"\" class=\"wp-image-185 size-full\" srcset=\"https:\/\/www.chaletaupetitbonheur.com\/wp-content\/uploads\/2023\/09\/GrandBallon-1024x768.jpg 1024w, https:\/\/www.chaletaupetitbonheur.com\/wp-content\/uploads\/2023\/09\/GrandBallon-300x225.jpg 300w, https:\/\/www.chaletaupetitbonheur.com\/wp-content\/uploads\/2023\/09\/GrandBallon-768x576.jpg 768w, https:\/\/www.chaletaupetitbonheur.com\/wp-content\/uploads\/2023\/09\/GrandBallon-1536x1152.jpg 1536w, https:\/\/www.chaletaupetitbonheur.com\/wp-content\/uploads\/2023\/09\/GrandBallon-2048x1536.jpg 2048w, https:\/\/www.chaletaupetitbonheur.com\/wp-content\/uploads\/2023\/09\/GrandBallon-2000x1500.jpg 2000w, https:\/\/www.chaletaupetitbonheur.com\/wp-content\/uploads\/2023\/09\/GrandBallon-600x450.jpg 600w, https:\/\/www.chaletaupetitbonheur.com\/wp-content\/uploads\/2023\/09\/GrandBallon-1200x900.jpg 1200w\" sizes=\"auto, (max-width: 1024px) 100vw, 1024px\" \/><\/figure><\/div>\n\n\n\n<hr class=\"wp-block-separator has-alpha-channel-opacity\"\/>\n\n\n\n<div class=\"wp-block-media-text is-stacked-on-mobile\"><figure class=\"wp-block-media-text__media\"><img loading=\"lazy\" decoding=\"async\" width=\"536\" height=\"400\" src=\"http:\/\/www.chaletaupetitbonheur.com\/wp-content\/uploads\/2023\/10\/LugeEte.jpg\" alt=\"\" class=\"wp-image-188 size-full\" srcset=\"https:\/\/www.chaletaupetitbonheur.com\/wp-content\/uploads\/2023\/10\/LugeEte.jpg 536w, https:\/\/www.chaletaupetitbonheur.com\/wp-content\/uploads\/2023\/10\/LugeEte-300x224.jpg 300w\" sizes=\"auto, (max-width: 536px) 100vw, 536px\" \/><\/figure><div class=\"wp-block-media-text__content\">\n<p class=\"has-text-align-center\"><strong>La luge du Col<\/strong> : sensations garanties ! A La Schlucht, on glisse aussi en \u00e9t\u00e9 ! 107 m\u00e8tres de d\u00e9nivel\u00e9, 2 pistes de 850 m\u00e8tres ! Des sensations garanties en famille ou entre amis !<\/p>\n<\/div><\/div>\n\n\n\n<hr class=\"wp-block-separator has-alpha-channel-opacity\"\/>\n\n\n\n<div class=\"wp-block-media-text has-media-on-the-right is-stacked-on-mobile\"><div class=\"wp-block-media-text__content\">\n<p class=\"has-text-align-center\"><strong>Acro-Sph\u00e8re<\/strong> : de falaises en falaises, d&rsquo;arbres en arbres, au-dessus de l&rsquo;eau, du PLAISIR et de l&rsquo;ACTION sur plusieurs parcours de hauteur et difficult\u00e9s vari\u00e9es de 0 \u00e0 40 m\u00e8tres du sol.<\/p>\n<\/div><figure class=\"wp-block-media-text__media\"><img loading=\"lazy\" decoding=\"async\" width=\"1024\" height=\"680\" src=\"http:\/\/www.chaletaupetitbonheur.com\/wp-content\/uploads\/2023\/10\/Acrosphere-1024x680.jpg\" alt=\"\" class=\"wp-image-191 size-full\" srcset=\"https:\/\/www.chaletaupetitbonheur.com\/wp-content\/uploads\/2023\/10\/Acrosphere-1024x680.jpg 1024w, https:\/\/www.chaletaupetitbonheur.com\/wp-content\/uploads\/2023\/10\/Acrosphere-300x199.jpg 300w, https:\/\/www.chaletaupetitbonheur.com\/wp-content\/uploads\/2023\/10\/Acrosphere-768x510.jpg 768w, https:\/\/www.chaletaupetitbonheur.com\/wp-content\/uploads\/2023\/10\/Acrosphere-1536x1020.jpg 1536w, https:\/\/www.chaletaupetitbonheur.com\/wp-content\/uploads\/2023\/10\/Acrosphere-600x398.jpg 600w, https:\/\/www.chaletaupetitbonheur.com\/wp-content\/uploads\/2023\/10\/Acrosphere-1200x797.jpg 1200w, https:\/\/www.chaletaupetitbonheur.com\/wp-content\/uploads\/2023\/10\/Acrosphere.jpg 1920w\" sizes=\"auto, (max-width: 1024px) 100vw, 1024px\" \/><\/figure><\/div>\n\n\n\n<div style=\"height:100px\" aria-hidden=\"true\" class=\"wp-block-spacer\"><\/div>\n\n\n\n<h2 class=\"wp-block-heading\">Se restaurer sur le secteur \/ pour les gourmands<\/h2>\n\n\n\n<div class=\"wp-block-media-text is-stacked-on-mobile\"><figure class=\"wp-block-media-text__media\"><img loading=\"lazy\" decoding=\"async\" width=\"1024\" height=\"768\" src=\"http:\/\/www.chaletaupetitbonheur.com\/wp-content\/uploads\/2023\/09\/CDHVPlainfaing-1024x768.jpg\" alt=\"\" class=\"wp-image-179 size-full\" srcset=\"https:\/\/www.chaletaupetitbonheur.com\/wp-content\/uploads\/2023\/09\/CDHVPlainfaing-1024x768.jpg 1024w, https:\/\/www.chaletaupetitbonheur.com\/wp-content\/uploads\/2023\/09\/CDHVPlainfaing-300x225.jpg 300w, https:\/\/www.chaletaupetitbonheur.com\/wp-content\/uploads\/2023\/09\/CDHVPlainfaing-768x576.jpg 768w, https:\/\/www.chaletaupetitbonheur.com\/wp-content\/uploads\/2023\/09\/CDHVPlainfaing-1536x1152.jpg 1536w, https:\/\/www.chaletaupetitbonheur.com\/wp-content\/uploads\/2023\/09\/CDHVPlainfaing-2000x1500.jpg 2000w, https:\/\/www.chaletaupetitbonheur.com\/wp-content\/uploads\/2023\/09\/CDHVPlainfaing-600x450.jpg 600w, https:\/\/www.chaletaupetitbonheur.com\/wp-content\/uploads\/2023\/09\/CDHVPlainfaing-1200x900.jpg 1200w, https:\/\/www.chaletaupetitbonheur.com\/wp-content\/uploads\/2023\/09\/CDHVPlainfaing.jpg 2048w\" sizes=\"auto, (max-width: 1024px) 100vw, 1024px\" \/><\/figure><div class=\"wp-block-media-text__content\">\n<p class=\"has-text-align-center\">Unique et r\u00e9put\u00e9e, <strong>la Confiserie des Hautes-Vosges \u00e0 Plainfaing<\/strong> vous propose une fabrication artisanale des v\u00e9ritables Bonbons des Vosges, avec Visites et D\u00e9gustations gratuites.&nbsp;<\/p>\n<\/div><\/div>\n\n\n\n<hr class=\"wp-block-separator has-alpha-channel-opacity\"\/>\n\n\n\n<div class=\"wp-block-media-text has-media-on-the-right is-stacked-on-mobile\"><div class=\"wp-block-media-text__content\">\n<p class=\"has-text-align-center\"><strong>La Popote<\/strong>, G\u00e9rardmer vous accueille dans son cadre chaleureux en plein c\u0153ur de la Perle des Vosges \u00e0 G\u00e9rardmer.<\/p>\n<\/div><figure class=\"wp-block-media-text__media\"><img loading=\"lazy\" decoding=\"async\" width=\"1024\" height=\"577\" src=\"http:\/\/www.chaletaupetitbonheur.com\/wp-content\/uploads\/2023\/10\/RestaurantLaPopote-1024x577.jpg\" alt=\"\" class=\"wp-image-193 size-full\" srcset=\"https:\/\/www.chaletaupetitbonheur.com\/wp-content\/uploads\/2023\/10\/RestaurantLaPopote-1024x577.jpg 1024w, https:\/\/www.chaletaupetitbonheur.com\/wp-content\/uploads\/2023\/10\/RestaurantLaPopote-300x169.jpg 300w, https:\/\/www.chaletaupetitbonheur.com\/wp-content\/uploads\/2023\/10\/RestaurantLaPopote-768x433.jpg 768w, https:\/\/www.chaletaupetitbonheur.com\/wp-content\/uploads\/2023\/10\/RestaurantLaPopote-600x338.jpg 600w, https:\/\/www.chaletaupetitbonheur.com\/wp-content\/uploads\/2023\/10\/RestaurantLaPopote.jpg 1129w\" sizes=\"auto, (max-width: 1024px) 100vw, 1024px\" \/><\/figure><\/div>\n\n\n\n<hr class=\"wp-block-separator has-alpha-channel-opacity\"\/>\n\n\n\n<div class=\"wp-block-media-text is-stacked-on-mobile\"><figure class=\"wp-block-media-text__media\"><img loading=\"lazy\" decoding=\"async\" width=\"1024\" height=\"575\" src=\"http:\/\/www.chaletaupetitbonheur.com\/wp-content\/uploads\/2023\/10\/RestaurantALaChaumeDeMonPere-1024x575.jpg\" alt=\"\" class=\"wp-image-195 size-full\" srcset=\"https:\/\/www.chaletaupetitbonheur.com\/wp-content\/uploads\/2023\/10\/RestaurantALaChaumeDeMonPere-1024x575.jpg 1024w, https:\/\/www.chaletaupetitbonheur.com\/wp-content\/uploads\/2023\/10\/RestaurantALaChaumeDeMonPere-300x169.jpg 300w, https:\/\/www.chaletaupetitbonheur.com\/wp-content\/uploads\/2023\/10\/RestaurantALaChaumeDeMonPere-768x431.jpg 768w, https:\/\/www.chaletaupetitbonheur.com\/wp-content\/uploads\/2023\/10\/RestaurantALaChaumeDeMonPere-600x337.jpg 600w, https:\/\/www.chaletaupetitbonheur.com\/wp-content\/uploads\/2023\/10\/RestaurantALaChaumeDeMonPere-1200x674.jpg 1200w, https:\/\/www.chaletaupetitbonheur.com\/wp-content\/uploads\/2023\/10\/RestaurantALaChaumeDeMonPere.jpg 1360w\" sizes=\"auto, (max-width: 1024px) 100vw, 1024px\" \/><\/figure><div class=\"wp-block-media-text__content\">\n<p class=\"has-text-align-center\"><strong>A la Chaume de mon P\u00e8re<\/strong> (Table bistronomique), G\u00e9rardmer : cuisine des Vosges r\u00e9invent\u00e9e et sp\u00e9cialit\u00e9s fran\u00e7aises dans un cadre rustique chic.<\/p>\n<\/div><\/div>\n\n\n\n<hr class=\"wp-block-separator has-alpha-channel-opacity\"\/>\n\n\n\n<div class=\"wp-block-media-text has-media-on-the-right is-stacked-on-mobile\"><div class=\"wp-block-media-text__content\">\n<p class=\"has-text-align-center\"><strong>L&rsquo;Hors du Temps<\/strong>, G\u00e9rardmer : cuisine de saison raffin\u00e9e dans un restaurant chic dot\u00e9 de briques apparentes, de tableaux color\u00e9s et d&rsquo;une terrasse avec jardin.<\/p>\n<\/div><figure class=\"wp-block-media-text__media\"><img loading=\"lazy\" decoding=\"async\" width=\"1024\" height=\"768\" src=\"http:\/\/www.chaletaupetitbonheur.com\/wp-content\/uploads\/2023\/10\/RestaurantLHorsDuTemps-1024x768.jpg\" alt=\"\" class=\"wp-image-197 size-full\" srcset=\"https:\/\/www.chaletaupetitbonheur.com\/wp-content\/uploads\/2023\/10\/RestaurantLHorsDuTemps-1024x768.jpg 1024w, https:\/\/www.chaletaupetitbonheur.com\/wp-content\/uploads\/2023\/10\/RestaurantLHorsDuTemps-300x225.jpg 300w, https:\/\/www.chaletaupetitbonheur.com\/wp-content\/uploads\/2023\/10\/RestaurantLHorsDuTemps-768x576.jpg 768w, https:\/\/www.chaletaupetitbonheur.com\/wp-content\/uploads\/2023\/10\/RestaurantLHorsDuTemps-600x450.jpg 600w, https:\/\/www.chaletaupetitbonheur.com\/wp-content\/uploads\/2023\/10\/RestaurantLHorsDuTemps-1200x900.jpg 1200w, https:\/\/www.chaletaupetitbonheur.com\/wp-content\/uploads\/2023\/10\/RestaurantLHorsDuTemps.jpg 1360w\" sizes=\"auto, (max-width: 1024px) 100vw, 1024px\" \/><\/figure><\/div>\n\n\n\n<hr class=\"wp-block-separator has-alpha-channel-opacity\"\/>\n\n\n\n<div class=\"wp-block-media-text is-stacked-on-mobile\"><figure class=\"wp-block-media-text__media\"><img loading=\"lazy\" decoding=\"async\" width=\"1024\" height=\"768\" src=\"http:\/\/www.chaletaupetitbonheur.com\/wp-content\/uploads\/2023\/10\/RestauranAuChantDuBois-1024x768.jpg\" alt=\"\" class=\"wp-image-198 size-full\" srcset=\"https:\/\/www.chaletaupetitbonheur.com\/wp-content\/uploads\/2023\/10\/RestauranAuChantDuBois-1024x768.jpg 1024w, https:\/\/www.chaletaupetitbonheur.com\/wp-content\/uploads\/2023\/10\/RestauranAuChantDuBois-300x225.jpg 300w, https:\/\/www.chaletaupetitbonheur.com\/wp-content\/uploads\/2023\/10\/RestauranAuChantDuBois-768x576.jpg 768w, https:\/\/www.chaletaupetitbonheur.com\/wp-content\/uploads\/2023\/10\/RestauranAuChantDuBois-600x450.jpg 600w, https:\/\/www.chaletaupetitbonheur.com\/wp-content\/uploads\/2023\/10\/RestauranAuChantDuBois-1200x900.jpg 1200w, https:\/\/www.chaletaupetitbonheur.com\/wp-content\/uploads\/2023\/10\/RestauranAuChantDuBois.jpg 1360w\" sizes=\"auto, (max-width: 1024px) 100vw, 1024px\" \/><\/figure><div class=\"wp-block-media-text__content\">\n<p class=\"has-text-align-center\"><strong>Au Chant du Bois<\/strong>, au Tholy : viandes grill\u00e9es de qualit\u00e9 100 % fran\u00e7aise, ambiance chaleureuse et familiale dans un chalet de montagne, d\u00e9couvrez des sp\u00e9cialit\u00e9s Vosgiennes.<\/p>\n<\/div><\/div>\n\n\n\n<hr class=\"wp-block-separator has-alpha-channel-opacity\"\/>\n\n\n\n<div class=\"wp-block-media-text has-media-on-the-right is-stacked-on-mobile\"><div class=\"wp-block-media-text__content\">\n<p class=\"has-text-align-center\"><strong>Charcuterie Pierrat<\/strong>, Tholy : de p\u00e8re en fille depuis 1892 vous trouverez des sp\u00e9cialit\u00e9s de salaison et des produits r\u00e9gionaux.<\/p>\n<\/div><figure class=\"wp-block-media-text__media\"><img loading=\"lazy\" decoding=\"async\" width=\"1024\" height=\"576\" src=\"http:\/\/www.chaletaupetitbonheur.com\/wp-content\/uploads\/2023\/10\/Pierrat-1024x576.jpg\" alt=\"\" class=\"wp-image-201 size-full\" srcset=\"https:\/\/www.chaletaupetitbonheur.com\/wp-content\/uploads\/2023\/10\/Pierrat-1024x576.jpg 1024w, https:\/\/www.chaletaupetitbonheur.com\/wp-content\/uploads\/2023\/10\/Pierrat-300x169.jpg 300w, https:\/\/www.chaletaupetitbonheur.com\/wp-content\/uploads\/2023\/10\/Pierrat-768x432.jpg 768w, https:\/\/www.chaletaupetitbonheur.com\/wp-content\/uploads\/2023\/10\/Pierrat-600x338.jpg 600w, https:\/\/www.chaletaupetitbonheur.com\/wp-content\/uploads\/2023\/10\/Pierrat-1200x675.jpg 1200w, https:\/\/www.chaletaupetitbonheur.com\/wp-content\/uploads\/2023\/10\/Pierrat.jpg 1360w\" sizes=\"auto, (max-width: 1024px) 100vw, 1024px\" \/><\/figure><\/div>\n\n\n\n<div style=\"height:100px\" aria-hidden=\"true\" class=\"wp-block-spacer\"><\/div>\n","protected":false},"excerpt":{"rendered":"<p>A voir\/visiter\/faire aux alentours Le Lac de G\u00e9rardmer situ\u00e9 \u00e0 660m d&rsquo;altitude est un lac d&rsquo;origine glaciaire. Il est \u00e9galement le plus grand lac naturel des Vosges avec ses 155ha de surface. Les 6 kms de sentier balis\u00e9s permettent une balade nature au bord du lac que ce soit \u00e0 pied, en trottinette, \u00e0 v\u00e9lo &hellip; <\/p>\n<p class=\"link-more\"><a href=\"https:\/\/www.chaletaupetitbonheur.com\/index.php\/a-decouvrir\/\" class=\"more-link\">Lire la suite de<span class=\"screen-reader-text\">\u00ab\u00a0A d\u00e9couvrir\u00a0\u00bb<\/span><\/a><\/p>\n","protected":false},"author":1,"featured_media":99,"parent":0,"menu_order":0,"comment_status":"closed","ping_status":"closed","template":"","meta":{"footnotes":""},"class_list":["post-71","page","type-page","status-publish","has-post-thumbnail","hentry"],"featured_media_urls":{"thumbnail":["https:\/\/www.chaletaupetitbonheur.com\/wp-content\/uploads\/2023\/05\/EntetePage-150x150.png",150,150,true],"medium":["https:\/\/www.chaletaupetitbonheur.com\/wp-content\/uploads\/2023\/05\/EntetePage-300x65.png",300,65,true],"medium_large":["https:\/\/www.chaletaupetitbonheur.com\/wp-content\/uploads\/2023\/05\/EntetePage-768x166.png",768,166,true],"large":["https:\/\/www.chaletaupetitbonheur.com\/wp-content\/uploads\/2023\/05\/EntetePage-1024x221.png",950,205,true],"1536x1536":["https:\/\/www.chaletaupetitbonheur.com\/wp-content\/uploads\/2023\/05\/EntetePage.png",1438,311,false],"2048x2048":["https:\/\/www.chaletaupetitbonheur.com\/wp-content\/uploads\/2023\/05\/EntetePage.png",1438,311,false],"inspiro-featured-image":["https:\/\/www.chaletaupetitbonheur.com\/wp-content\/uploads\/2023\/05\/EntetePage.png",1438,311,false],"inspiro-loop":["https:\/\/www.chaletaupetitbonheur.com\/wp-content\/uploads\/2023\/05\/EntetePage-950x311.png",950,311,true],"inspiro-loop@2x":["https:\/\/www.chaletaupetitbonheur.com\/wp-content\/uploads\/2023\/05\/EntetePage.png",1438,311,false],"portfolio_item-thumbnail":["https:\/\/www.chaletaupetitbonheur.com\/wp-content\/uploads\/2023\/05\/EntetePage-600x311.png",600,311,true],"portfolio_item-thumbnail@2x":["https:\/\/www.chaletaupetitbonheur.com\/wp-content\/uploads\/2023\/05\/EntetePage.png",1200,260,false],"portfolio_item-masonry":["https:\/\/www.chaletaupetitbonheur.com\/wp-content\/uploads\/2023\/05\/EntetePage-600x130.png",600,130,true],"portfolio_item-masonry@2x":["https:\/\/www.chaletaupetitbonheur.com\/wp-content\/uploads\/2023\/05\/EntetePage.png",1200,260,false],"portfolio_item-thumbnail_cinema":["https:\/\/www.chaletaupetitbonheur.com\/wp-content\/uploads\/2023\/05\/EntetePage-800x311.png",800,311,true],"portfolio_item-thumbnail_portrait":["https:\/\/www.chaletaupetitbonheur.com\/wp-content\/uploads\/2023\/05\/EntetePage-600x311.png",600,311,true],"portfolio_item-thumbnail_portrait@2x":["https:\/\/www.chaletaupetitbonheur.com\/wp-content\/uploads\/2023\/05\/EntetePage.png",1200,260,false],"portfolio_item-thumbnail_square":["https:\/\/www.chaletaupetitbonheur.com\/wp-content\/uploads\/2023\/05\/EntetePage-800x311.png",800,311,true]},"_links":{"self":[{"href":"https:\/\/www.chaletaupetitbonheur.com\/index.php\/wp-json\/wp\/v2\/pages\/71","targetHints":{"allow":["GET"]}}],"collection":[{"href":"https:\/\/www.chaletaupetitbonheur.com\/index.php\/wp-json\/wp\/v2\/pages"}],"about":[{"href":"https:\/\/www.chaletaupetitbonheur.com\/index.php\/wp-json\/wp\/v2\/types\/page"}],"author":[{"embeddable":true,"href":"https:\/\/www.chaletaupetitbonheur.com\/index.php\/wp-json\/wp\/v2\/users\/1"}],"replies":[{"embeddable":true,"href":"https:\/\/www.chaletaupetitbonheur.com\/index.php\/wp-json\/wp\/v2\/comments?post=71"}],"version-history":[{"count":22,"href":"https:\/\/www.chaletaupetitbonheur.com\/index.php\/wp-json\/wp\/v2\/pages\/71\/revisions"}],"predecessor-version":[{"id":203,"href":"https:\/\/www.chaletaupetitbonheur.com\/index.php\/wp-json\/wp\/v2\/pages\/71\/revisions\/203"}],"wp:featuredmedia":[{"embeddable":true,"href":"https:\/\/www.chaletaupetitbonheur.com\/index.php\/wp-json\/wp\/v2\/media\/99"}],"wp:attachment":[{"href":"https:\/\/www.chaletaupetitbonheur.com\/index.php\/wp-json\/wp\/v2\/media?parent=71"}],"curies":[{"name":"wp","href":"https:\/\/api.w.org\/{rel}","templated":true}]}}