{"id":2,"date":"2023-02-27T14:38:16","date_gmt":"2023-02-27T13:38:16","guid":{"rendered":"http:\/\/chaletu.cluster031.hosting.ovh.net\/?page_id=2"},"modified":"2023-05-15T14:40:41","modified_gmt":"2023-05-15T12:40:41","slug":"reservation","status":"publish","type":"page","link":"https:\/\/www.chaletaupetitbonheur.com\/index.php\/reservation\/","title":{"rendered":"R\u00e9servation"},"content":{"rendered":"\n<figure class=\"wp-block-image size-large\"><img loading=\"lazy\" decoding=\"async\" width=\"1024\" height=\"480\" src=\"http:\/\/www.chaletaupetitbonheur.com\/wp-content\/uploads\/2023\/05\/AuPetitBonheur11-1024x480.jpg\" alt=\"\" class=\"wp-image-92\" srcset=\"https:\/\/www.chaletaupetitbonheur.com\/wp-content\/uploads\/2023\/05\/AuPetitBonheur11-1024x480.jpg 1024w, https:\/\/www.chaletaupetitbonheur.com\/wp-content\/uploads\/2023\/05\/AuPetitBonheur11-300x140.jpg 300w, https:\/\/www.chaletaupetitbonheur.com\/wp-content\/uploads\/2023\/05\/AuPetitBonheur11-768x360.jpg 768w, https:\/\/www.chaletaupetitbonheur.com\/wp-content\/uploads\/2023\/05\/AuPetitBonheur11-1536x719.jpg 1536w, https:\/\/www.chaletaupetitbonheur.com\/wp-content\/uploads\/2023\/05\/AuPetitBonheur11-2048x959.jpg 2048w, https:\/\/www.chaletaupetitbonheur.com\/wp-content\/uploads\/2023\/05\/AuPetitBonheur11-2000x937.jpg 2000w, https:\/\/www.chaletaupetitbonheur.com\/wp-content\/uploads\/2023\/05\/AuPetitBonheur11-600x281.jpg 600w\" sizes=\"auto, (max-width: 1024px) 100vw, 1024px\" \/><\/figure>\n\n\n\n<p>La r\u00e9servation se fait par le site Airbnb pour prot\u00e9ger votre transaction et vous garantir la disponibilit\u00e9 du chalet sur la p\u00e9riode de votre choix.<\/p>\n\n\n\n<p>Vous pourrez r\u00e9gler le s\u00e9jour en une ou plusieurs fois.<\/p>\n\n\n\n<h2 class=\"wp-block-heading\">Conditions d&rsquo;annulation<\/h2>\n\n\n\n<p><strong>Annulation gratuite pendant 48&nbsp;heures.<\/strong>&nbsp;Si vous annulez dans ce d\u00e9lai, vous aurez droit \u00e0 un remboursement partiel.<\/p>\n\n\n\n<h2 class=\"wp-block-heading\">R\u00e8gles de base<\/h2>\n\n\n\n<p>Nous demandons \u00e0 tous les voyageurs de se souvenir de quelques r\u00e8gles simples qui contribueront \u00e0 rendre leur s\u00e9jour agr\u00e9able, pour eux comme pour les h\u00f4tes.<\/p>\n\n\n\n<ul class=\"wp-block-list\">\n<li>Respectez le r\u00e8glement int\u00e9rieur.<\/li>\n\n\n\n<li>Traitez le logement de votre h\u00f4te comme si c&rsquo;\u00e9tait le v\u00f4tre.<\/li>\n<\/ul>\n\n\n\n<p>Votre r\u00e9servation ne sera pas confirm\u00e9e tant que l&rsquo;h\u00f4te n&rsquo;aura pas accept\u00e9 votre demande (dans les 24&nbsp;heures). Le montant ne sera d\u00e9bit\u00e9 qu&rsquo;\u00e0 cette date.<\/p>\n\n\n\n<p>Rendez vous d\u00e8s \u00e0 pr\u00e9sent sur :<\/p>\n\n\n\n<center><a href=\"https:\/\/www.airbnb.fr\/rooms\/48902310?productId=48902310&#038;check_in=2023-06-20&#038;check_out=2023-06-25&#038;guests=1&#038;adults=2&#038;children=2&#038;infants=0&#038;pets=1&#038;source_impression_id=p3_1683201993_VuPOTNFT15c4TgoD\" target=\"_blank\" rel=\"noopener\">FAIRE MA RESERVATION SUR AIRBNB<\/a><\/center><br><br>\n\n\n\n<p><\/p>\n\n\n\n<p><\/p>\n","protected":false},"excerpt":{"rendered":"<p>La r\u00e9servation se fait par le site Airbnb pour prot\u00e9ger votre transaction et vous garantir la disponibilit\u00e9 du chalet sur la p\u00e9riode de votre choix. Vous pourrez r\u00e9gler le s\u00e9jour en une ou plusieurs fois. Conditions d&rsquo;annulation Annulation gratuite pendant 48&nbsp;heures.&nbsp;Si vous annulez dans ce d\u00e9lai, vous aurez droit \u00e0 un remboursement partiel. R\u00e8gles de &hellip; <\/p>\n<p class=\"link-more\"><a href=\"https:\/\/www.chaletaupetitbonheur.com\/index.php\/reservation\/\" class=\"more-link\">Lire la suite de<span class=\"screen-reader-text\">\u00ab\u00a0R\u00e9servation\u00a0\u00bb<\/span><\/a><\/p>\n","protected":false},"author":1,"featured_media":99,"parent":0,"menu_order":0,"comment_status":"closed","ping_status":"closed","template":"","meta":{"footnotes":""},"class_list":["post-2","page","type-page","status-publish","has-post-thumbnail","hentry"],"featured_media_urls":{"thumbnail":["https:\/\/www.chaletaupetitbonheur.com\/wp-content\/uploads\/2023\/05\/EntetePage-150x150.png",150,150,true],"medium":["https:\/\/www.chaletaupetitbonheur.com\/wp-content\/uploads\/2023\/05\/EntetePage-300x65.png",300,65,true],"medium_large":["https:\/\/www.chaletaupetitbonheur.com\/wp-content\/uploads\/2023\/05\/EntetePage-768x166.png",768,166,true],"large":["https:\/\/www.chaletaupetitbonheur.com\/wp-content\/uploads\/2023\/05\/EntetePage-1024x221.png",950,205,true],"1536x1536":["https:\/\/www.chaletaupetitbonheur.com\/wp-content\/uploads\/2023\/05\/EntetePage.png",1438,311,false],"2048x2048":["https:\/\/www.chaletaupetitbonheur.com\/wp-content\/uploads\/2023\/05\/EntetePage.png",1438,311,false],"inspiro-featured-image":["https:\/\/www.chaletaupetitbonheur.com\/wp-content\/uploads\/2023\/05\/EntetePage.png",1438,311,false],"inspiro-loop":["https:\/\/www.chaletaupetitbonheur.com\/wp-content\/uploads\/2023\/05\/EntetePage-950x311.png",950,311,true],"inspiro-loop@2x":["https:\/\/www.chaletaupetitbonheur.com\/wp-content\/uploads\/2023\/05\/EntetePage.png",1438,311,false],"portfolio_item-thumbnail":["https:\/\/www.chaletaupetitbonheur.com\/wp-content\/uploads\/2023\/05\/EntetePage-600x311.png",600,311,true],"portfolio_item-thumbnail@2x":["https:\/\/www.chaletaupetitbonheur.com\/wp-content\/uploads\/2023\/05\/EntetePage.png",1200,260,false],"portfolio_item-masonry":["https:\/\/www.chaletaupetitbonheur.com\/wp-content\/uploads\/2023\/05\/EntetePage-600x130.png",600,130,true],"portfolio_item-masonry@2x":["https:\/\/www.chaletaupetitbonheur.com\/wp-content\/uploads\/2023\/05\/EntetePage.png",1200,260,false],"portfolio_item-thumbnail_cinema":["https:\/\/www.chaletaupetitbonheur.com\/wp-content\/uploads\/2023\/05\/EntetePage-800x311.png",800,311,true],"portfolio_item-thumbnail_portrait":["https:\/\/www.chaletaupetitbonheur.com\/wp-content\/uploads\/2023\/05\/EntetePage-600x311.png",600,311,true],"portfolio_item-thumbnail_portrait@2x":["https:\/\/www.chaletaupetitbonheur.com\/wp-content\/uploads\/2023\/05\/EntetePage.png",1200,260,false],"portfolio_item-thumbnail_square":["https:\/\/www.chaletaupetitbonheur.com\/wp-content\/uploads\/2023\/05\/EntetePage-800x311.png",800,311,true]},"_links":{"self":[{"href":"https:\/\/www.chaletaupetitbonheur.com\/index.php\/wp-json\/wp\/v2\/pages\/2","targetHints":{"allow":["GET"]}}],"collection":[{"href":"https:\/\/www.chaletaupetitbonheur.com\/index.php\/wp-json\/wp\/v2\/pages"}],"about":[{"href":"https:\/\/www.chaletaupetitbonheur.com\/index.php\/wp-json\/wp\/v2\/types\/page"}],"author":[{"embeddable":true,"href":"https:\/\/www.chaletaupetitbonheur.com\/index.php\/wp-json\/wp\/v2\/users\/1"}],"replies":[{"embeddable":true,"href":"https:\/\/www.chaletaupetitbonheur.com\/index.php\/wp-json\/wp\/v2\/comments?post=2"}],"version-history":[{"count":8,"href":"https:\/\/www.chaletaupetitbonheur.com\/index.php\/wp-json\/wp\/v2\/pages\/2\/revisions"}],"predecessor-version":[{"id":94,"href":"https:\/\/www.chaletaupetitbonheur.com\/index.php\/wp-json\/wp\/v2\/pages\/2\/revisions\/94"}],"wp:featuredmedia":[{"embeddable":true,"href":"https:\/\/www.chaletaupetitbonheur.com\/index.php\/wp-json\/wp\/v2\/media\/99"}],"wp:attachment":[{"href":"https:\/\/www.chaletaupetitbonheur.com\/index.php\/wp-json\/wp\/v2\/media?parent=2"}],"curies":[{"name":"wp","href":"https:\/\/api.w.org\/{rel}","templated":true}]}}